on factor of 1 and j?
1
Suppose 2*x = 2*p - 438, -p - 1375 = 4*x - 514. Let i = -356 - x. Let s = -100 - i. Calculate the greatest common divisor of s and 60.
20
Let p = -17 + 16. Let u be (p - 1)*(-36)/8. Calculate the greatest common divisor of 81 and u.
9
Suppose 2*u + 3*m = 95, 2*u - m - 130 = 3*m. Calculate the highest common divisor of u and 44.
11
Let u be ((-6)/15)/((-2)/80). Let f = u - 12. Calculate the highest common factor of f and 12.
4
Let z(p) = -6*p**3 - 1 + 17*p**3 + 0*p**3. Let v be z(1). Let k = 128 + -58. Calculate the greatest common divisor of v and k.
10
Suppose -5*p = -4*j - 511, 0 = -j - 5 + 1. Let k(i) = i**2 + i + 1. Let t be k(-2). Suppose -9 = t*y - 4*y. What is the greatest common factor of p and y?
9
Let r = 34 - -65. What is the greatest common divisor of 9 and r?
9
Suppose 4*w - 3*g = 177, -2*w - 4*g + 184 = 2*w. Let c(x) = 6*x - 6. Let v be c(6). What is the greatest common factor of w and v?
15
Let m be (-186)/(-9) + 2/(-3). Calculate the highest common factor of 180 and m.
20
Let p be ((-48)/30)/(8/(-60)). What is the highest common divisor of p and 84?
12
Let v = -2 + 4. Let a(u) = u - 6. Let h be a(7). Suppose h = v*x + 3*r - 2, -7 = -2*x + r. What is the greatest common factor of 33 and x?
3
Let m be -1 - (1 - 94)/3. Suppose 3 = -5*y + 4*y - 4*p, -p = 0. Let x(b) = -6*b - 3. Let r be x(y). Calculate the highest common divisor of r and m.
15
Let l = 3 + 15. Suppose -5*r + 3*w + 16 = 0, 5 = 4*r - 4*w - 11. Calculate the highest common divisor of r and l.
2
Let b be (-4)/14 - 1264/(-14). What is the highest common factor of b and 18?
18
Suppose 5*q - s + 9 = 0, 4 + 9 = 3*q + 4*s. Let d be 7 - 9 - (-10 - q). Let m be 0 - (-1)/(-1) - -36. Calculate the highest common divisor of m and d.
7
Let m = 2599 - 1515. Let k be m/28 + (-2)/(-7). What is the greatest common divisor of k and 26?
13
Let r be (-32)/(-24)*(135/(-2))/(-3). What is the highest common divisor of r and 330?
30
Let h(l) = 2*l**2 + 7*l + 5. Let b be h(-4). Let g be 105/b + (-2)/(-6). Calculate the greatest common factor of 108 and g.
12
Let y = -116 - -182. Let f = -66 - -88. What is the highest common factor of y and f?
22
Suppose 0 = -5*f + 18 + 12. Let b = f + 7. Calculate the greatest common divisor of b and 52.
13
Suppose -r = -6*r + s + 180, -5*r + 3*s + 180 = 0. Let l = r + -24. Let u = 11 - -13. Calculate the highest common divisor of l and u.
12
Let f = -25 - -42. Calculate the highest common divisor of 119 and f.
17
Suppose 2*y = -r - 438, 8*r - 3*r - 219 = y. Let n = y + 309. What is the greatest common divisor of 10 and n?
10
Let u = -76 + 124. Calculate the greatest common divisor of u and 24.
24
Suppose -2*t = -6*t + 384. Calculate the highest common divisor of 12 and t.
12
Suppose -3*x + 4 = -x. Suppose -5*q - x*z = 2 - 14, -4*q + 12 = z. What is the highest common divisor of q and 2?
2
Let p = 19 - -45. What is the greatest common factor of 8 and p?
8
Let p(t) = t**3 - 2*t**2. Suppose 4*f + 3 = 15. Let b be p(f). Calculate the greatest common divisor of b and 27.
9
Suppose f - 32 = u - 2*u, 5*u - 2*f = 160. Calculate the greatest common divisor of 80 and u.
16
Suppose q - 33 = -2*q. Calculate the highest common factor of 22 and q.
11
Let g = -36 + 50. Suppose q - 5*x = 32, 0 = q - 2*x - g - 3. Let m be 4/14 - (-26)/q. Calculate the greatest common divisor of 44 and m.
4
Let x = -82 - -154. Calculate the greatest common divisor of x and 9.
9
Suppose -w + 44 = -4*m, 0*m + 4*m + 116 = 4*w. Let f be 17 - 9 - (1 + -1). What is the greatest common factor of f and w?
8
Let o(w) = 6*w**2 - 19*w - 4. Let j be o(6). What is the greatest common factor of j and 14?
14
Suppose 0*c - 88 = -4*c. Let i(y) = -y**3 + 11*y**2 + 10*y + 2. Let x be i(6). What is the greatest common factor of c and x?
22
Suppose 0 = -2*l + 2, 5*l - 77 = -2*s - 0*s. What is the highest common divisor of 12 and s?
12
Let j(n) = n**3 - n**2 - n. Let r be j(2). Suppose t + r*t + 40 = 4*q, -3*q = -4*t - 30. Suppose b - q = 2. What is the greatest common divisor of b and 3?
3
Let p be 0 - (-88)/(1 - 0). What is the highest common divisor of p and 8?
8
Let v = -2 + 2. Suppose v = -4*y + 19 + 33. What is the greatest common divisor of 104 and y?
13
Suppose -4*d + 13 = z - 7, 0 = 2*z - 5*d + 12. Suppose 0*u = z*u - 36. Calculate the highest common factor of u and 1.
1
Suppose -5*t = -3*d + d - 12, 4*t = -5*d + 36. Let f(w) = w**2 + 2*w - 1. Let k be f(1). Calculate the greatest common divisor of t and k.
2
Let z(u) = 12*u. Let k = 6 - 2. Suppose k*v = -m + 16, 0*m - 1 = -3*v + 2*m. Let d be z(v). What is the highest common divisor of d and 18?
18
Suppose 0 = -2*l + 3 + 15. Suppose 6*v = 3*v + 243. What is the highest common factor of l and v?
9
Suppose -4*i = -75 - 49. Suppose -5*x + 49 = -i. Calculate the highest common factor of 40 and x.
8
Let q be -22*(12/4)/(-6). Calculate the highest common divisor of q and 121.
11
Suppose -y + 16 = 6. Let i = y + 1. What is the highest common factor of i and 88?
11
Suppose 41 = 4*u - 7. Let c be 2*(10/(-4) - -2). Let o be (-5 - c)/((-1)/6). Calculate the highest common factor of u and o.
12
Let t be -2 + 0 + (22 - -5). What is the highest common factor of 125 and t?
25
Suppose 108 = 4*d - 0*d + 4*b, 2*b + 46 = 2*d. Let a be (-8)/(-10) - (-2480)/d. Calculate the greatest common divisor of 40 and a.
20
Let p(y) = -y**2 + 14. Let m be p(0). Let v be m/(1 + 1)*8. What is the highest common divisor of v and 14?
14
Suppose 2 - 17 = -3*h. Suppose h*i - 6*i + 8 = 0. What is the highest common factor of i and 64?
8
Let d be (-46)/(-8) + 2/8. Let t(g) = -g - 1. Let j(n) = 6*n + 5. Let h(f) = j(f) + 5*t(f). Let w be h(6). Calculate the highest common factor of w and d.
6
Let v = 145 - 85. Let a be 2 + -2 - 24/(-2). What is the highest common divisor of a and v?
12
Let v = -119 - -259. Calculate the greatest common divisor of v and 20.
20
Let g(v) = 8*v**2 - 2*v - 5. Let w be g(4). Calculate the highest common factor of w and 23.
23
Let a(y) = -4 + 1 - 16*y**2 + 1 - 5*y - 2. Let r be a(-4). Let j = 366 + r. Calculate the highest common divisor of 18 and j.
18
Suppose 2*a + 46 = 4*n, 3*a + 20 = -a. Let l = -249 + 258. Calculate the highest common divisor of n and l.
9
Let t be ((-8)/(-6) + 0)*21. Calculate the greatest common divisor of t and 252.
28
Let f(r) = 2 + 3 + 3 - 5 - r. Let q be f(-5). What is the highest common divisor of q and 64?
8
Let f be 1/(-4)*-4 - -168. Suppose 5*k - 469 = -f. Calculate the greatest common divisor of 24 and k.
12
Suppose -t = 2*i + 66, 108 = -4*i + i + 3*t. Let h = -24 - i. Let v be (65/h)/(2/4). Calculate the highest common factor of v and 13.
13
Let v be 14*6/(-18)*9/(-2). Calculate the highest common divisor of 35 and v.
7
Suppose 4*u + 1 + 7 = 0. Let b be (3 + -1)*u/1. Let y be 2/b - 62/(-4). Calculate the greatest common factor of 105 and y.
15
Suppose l - 90 = -2*l. Let z = 14 + -8. Calculate the greatest common factor of l and z.
6
Suppose x + 5 = 10. Suppose -5*u + 4*u = -x. Calculate the greatest common divisor of u and 30.
5
Let n = -4 + 8. Suppose 0 = -4*z - 2*j + 388, n*z - 470 = -z + 5*j. What is the greatest common divisor of 12 and z?
12
Let y be (-2 - -35)*(1 + -2). Let g be y/12*(1 + -45). What is the greatest common factor of g and 11?
11
Suppose -74 = -10*v + 26. Calculate the greatest common divisor of 80 and v.
10
Suppose -8*v + 5*v = -24. Suppose 3*i + 65 = v*i. What is the greatest common divisor of i and 13?
13
Let i be ((-411)/6)/(2/(-4)). Suppose -v + 143 = -b - 0*b, i = v + b. Calculate the highest common factor of v and 56.
28
Suppose y + 3*t = 196, 3*t - 558 = -4*y + 262. Calculate the greatest common divisor of y and 26.
26
Let n(j) = j**3 - j + 3. Let u be n(2). Calculate the highest common divisor of u and 1.
1
Suppose -53 = 5*r + 37. Let z be r/5*(-60)/18. Let y = 2 + 22. What is the highest common divisor of z and y?
12
Suppose -2*y = -0*y - 22. Suppose -4*n + 27 + 59 = 2*b, 2*b = 5*n - 112. What is the greatest common divisor of y and n?
11
Suppose -7*q - 61 = -292. Calculate the greatest common divisor of 11 and q.
11
Let w be -2*4/(-6)*3. Suppose -w*z + 8 = -3*p - 0, 2*p - 4 = -2*z. Suppose -u = z*u - 15. Calculate the highest common divisor of u and 35.
5
Suppose -6*t = -5*t